{"id":1922,"date":"2024-10-29T20:53:58","date_gmt":"2024-10-29T19:53:58","guid":{"rendered":"https:\/\/www.instaclima.com\/nuevaweb\/?post_type=product&#038;p=1922"},"modified":"2024-10-29T20:54:01","modified_gmt":"2024-10-29T19:54:01","slug":"caldera-ferroli-bluehelix-tech-rrt-24-c","status":"publish","type":"product","link":"https:\/\/www.instaclima.com\/nuevaweb\/producto\/caldera-ferroli-bluehelix-tech-rrt-24-c\/","title":{"rendered":"Caldera Ferroli Bluehelix Tech RRT 24 C"},"content":{"rendered":"<p>Nueva Caldera Ferroli Bluehelix Tech RRT 24 C. Posee una potencia en calefacci\u00f3n de 24,5 kw y una potencia de ACS de 25,5 kW. Dispone de un caudal de ACS de 14 L. Tiene una eficiencia energ\u00e9tica de A\/XL. Su clase NOx es de 6. Adem\u00e1s de tener una capacidad del vaso de expansi\u00f3n de 8 L.<\/p>\n<p>Puedes encontrarlo al mejor precio en nuestra tienda de Instaclima, y con un tiempo de garant\u00eda por dos a\u00f1os.<\/p>\n<h2 style=\"text-align: justify; background: white; margin: 15.0pt 0cm 7.5pt 0cm;\"><span style=\"color: #333333;\"><strong>Caracter\u00edsticas de la Caldera\u00a0<\/strong><\/span><\/h2>\n<p><iframe loading=\"lazy\" src=\"https:\/\/www.youtube.com\/embed\/QtRkw4dpI0U\" width=\"560\" height=\"315\" frameborder=\"0\" allowfullscreen=\"allowfullscreen\"><\/iframe><br \/>\n<strong>C\u00e1mara estanca<\/strong><\/p>\n<p>Esta caldera posee una c\u00e1mara estanca, para que te permita una instalaci\u00f3n tanto interior como exterior. Si es en exterior, deber\u00e1 colocarse en un lugar protegido, siguiendo la norma EN 15502. Con temperaturas que no sean inferiores a -5\u00b0C. podr\u00e1 estar hasta 15\u00b0C si se posee un kit anti hielo.<\/p>\n<p><strong>Display con Indicadores<\/strong><\/p>\n<p>Este equipo cuenta con un panel de control que te permite visualizar las lecturas durante el funcionamiento del equipo. Adem\u00e1s de tener lo indicadores sobre c\u00f3mo aumentar o disminuir la temperatura del agua caliente. Gracias al display que posee diversos indicadores, podr\u00e1s ver a que temperatura est\u00e1 trabajando la caldera tanto en agua caliente como en ACS.<\/p>\n<p><strong>Modo Comfort<\/strong><\/p>\n<p>El modo confort permite la producci\u00f3n m\u00e1s r\u00e1pida de agua caliente sanitaria. Una vez que este modo sea activado, el agua que contiene la caldera se mantiene a una temperatura fija, en la espera de la salida de agua caliente. De manera que se elimine el h\u00e1bito en dejar por mucho tiempo el grifo abierto hasta que salga el agua caliente.<\/p>\n<p><strong>Kit de salida de gases est\u00e1ndar<\/strong><\/p>\n<p>Con la compra de esta caldera, se incluir\u00e1 un kit de salida de gases est\u00e1ndar, compuesto por un codo que posee aproximadamente 90\u00b0C con brida. Adem\u00e1s de un tubo coaxial que mide 1m con deflector. Podr\u00e1s mejorar las funciones de tu caldera y acelerar su proceso de instalaci\u00f3n y mantenimiento.<\/p>\n<h3>Ficha T\u00e9cnica de la Caldera Ferroli Bluehelix Tech RRT 24 C<\/h3>\n<table>\n<tbody>\n<tr>\n<td width=\"354\"><strong>Potencia en Calefacci\u00f3n<\/strong><\/td>\n<td width=\"354\">24,5 kW.<\/td>\n<\/tr>\n<tr>\n<td width=\"354\"><strong>Caudal de ACS<\/strong><\/td>\n<td width=\"354\">T 25\u00b0C 14 l\/min.<\/td>\n<\/tr>\n<tr>\n<td width=\"354\"><strong>Eficiencia Energ\u00e9tica<\/strong><\/td>\n<td width=\"354\">A\/XL<\/td>\n<\/tr>\n<tr>\n<td width=\"354\"><strong>Potencia de ACS<\/strong><\/td>\n<td width=\"354\">25,5 kW.<\/td>\n<\/tr>\n<tr>\n<td width=\"354\"><strong>Clase NOx<\/strong><\/td>\n<td width=\"354\">6.<\/td>\n<\/tr>\n<tr>\n<td width=\"354\"><strong>Capacidad del vaso de expansi\u00f3n<\/strong><\/td>\n<td width=\"354\">8 Litros.<\/td>\n<\/tr>\n<tr>\n<td width=\"354\"><strong>Potencia Ac\u00fastica <\/strong><\/td>\n<td width=\"354\">49 dB.<\/td>\n<\/tr>\n<tr>\n<td width=\"354\"><strong>Superficie a Calefactar<\/strong><\/td>\n<td width=\"354\">S\u00ed.<\/td>\n<\/tr>\n<\/tbody>\n<\/table>\n<p>&nbsp;<\/p>\n<h3>\u00bfPor qu\u00e9 comprar la Caldera Ferroli Bluehelix Tech RRT 24 C?<\/h3>\n<p>Esta caldera cuenta con modos de funcionamientos adaptables de forma autom\u00e1tica, para brindarte un ahorro energ\u00e9tico y de consumo. Posee un tama\u00f1o est\u00e1ndar para ser instalado de forma r\u00e1pida y segura. Calificada como una de las calderas menos contaminantes de su gama; y est\u00e1 disponible a un precio accesible que solo encontraras en Instaclima.<\/p>\n","protected":false},"excerpt":{"rendered":"<p>OFERTA<strong> Caldera Ferroli Bluehelix Tech RRT 24<\/strong>. Potencia en Calefacci\u00f3n 24,5 kW. Caudal de ACS T 25\u00b0C 14 l\/min. Eficiencia Energ\u00e9tica A\/XL Potencia de ACS 25,5 kW. Clase NOx6 .Capacidad del vaso de expansi\u00f3n 8 Litros. Potencia Ac\u00fastica 49 dB. Compra al mejor precio el Ferroli a gas.<\/p>\n","protected":false},"featured_media":1960,"comment_status":"closed","ping_status":"closed","template":"","meta":[],"etheme_brands":[],"product_brand":[],"product_cat":[59],"product_tag":[60],"class_list":{"0":"post-1922","1":"product","2":"type-product","3":"status-publish","4":"has-post-thumbnail","6":"product_cat-calderas","7":"product_tag-ferroli","9":"first","10":"instock","11":"taxable","12":"shipping-taxable","13":"purchasable","14":"product-type-simple"},"_links":{"self":[{"href":"https:\/\/www.instaclima.com\/nuevaweb\/wp-json\/wp\/v2\/product\/1922","targetHints":{"allow":["GET"]}}],"collection":[{"href":"https:\/\/www.instaclima.com\/nuevaweb\/wp-json\/wp\/v2\/product"}],"about":[{"href":"https:\/\/www.instaclima.com\/nuevaweb\/wp-json\/wp\/v2\/types\/product"}],"replies":[{"embeddable":true,"href":"https:\/\/www.instaclima.com\/nuevaweb\/wp-json\/wp\/v2\/comments?post=1922"}],"version-history":[{"count":1,"href":"https:\/\/www.instaclima.com\/nuevaweb\/wp-json\/wp\/v2\/product\/1922\/revisions"}],"predecessor-version":[{"id":1961,"href":"https:\/\/www.instaclima.com\/nuevaweb\/wp-json\/wp\/v2\/product\/1922\/revisions\/1961"}],"wp:featuredmedia":[{"embeddable":true,"href":"https:\/\/www.instaclima.com\/nuevaweb\/wp-json\/wp\/v2\/media\/1960"}],"wp:attachment":[{"href":"https:\/\/www.instaclima.com\/nuevaweb\/wp-json\/wp\/v2\/media?parent=1922"}],"wp:term":[{"taxonomy":"brand","embeddable":true,"href":"https:\/\/www.instaclima.com\/nuevaweb\/wp-json\/wp\/v2\/etheme_brands?post=1922"},{"taxonomy":"product_brand","embeddable":true,"href":"https:\/\/www.instaclima.com\/nuevaweb\/wp-json\/wp\/v2\/product_brand?post=1922"},{"taxonomy":"product_cat","embeddable":true,"href":"https:\/\/www.instaclima.com\/nuevaweb\/wp-json\/wp\/v2\/product_cat?post=1922"},{"taxonomy":"product_tag","embeddable":true,"href":"https:\/\/www.instaclima.com\/nuevaweb\/wp-json\/wp\/v2\/product_tag?post=1922"}],"curies":[{"name":"wp","href":"https:\/\/api.w.org\/{rel}","templated":true}]}}