{"id":2019,"date":"2024-10-29T20:54:08","date_gmt":"2024-10-29T19:54:08","guid":{"rendered":"https:\/\/www.instaclima.com\/nuevaweb\/?post_type=product&#038;p=2019"},"modified":"2024-10-29T20:54:12","modified_gmt":"2024-10-29T19:54:12","slug":"caldera-ferroli-atlas-d32-condens-si-unit","status":"publish","type":"product","link":"https:\/\/www.instaclima.com\/nuevaweb\/producto\/caldera-ferroli-atlas-d32-condens-si-unit\/","title":{"rendered":"Caldera Ferroli Atlas D32 Condens SI UNIT"},"content":{"rendered":"<p>Nueva Caldera Ferroli Atlas D32 Condens SI UNIT, de funci\u00f3n mixta. Posee una potencia en calefacci\u00f3n de\u00a0 32 kW; y una potencia de ACS de\u00a0 27 KW. Tiene un caudal de agua de\u00a0 18,9. Su eficiencia energ\u00e9tica es de A\/XL.<\/p>\n<p>Podr\u00e1s comprar este equipo al mejor precio en tu tienda Instaclima. Adem\u00e1s de tener dos a\u00f1os de garant\u00eda por parte de su fabricante.<\/p>\n<h2><strong>Caracter\u00edsticas de la Caldera<\/strong><br \/>\n<iframe loading=\"lazy\" src=\"https:\/\/www.youtube.com\/embed\/RTSWzxHLxvY\" width=\"560\" height=\"315\" frameborder=\"0\" allowfullscreen=\"allowfullscreen\"><\/iframe><\/h2>\n<ul>\n<li>Potencia:\u00a032 kw.<\/li>\n<li>Caldera Gasoil Ferroli Atlas D 32 Condens SI UNIT es una Caldera ecol\u00f3gica menos contaminante:\u00a0menor emisi\u00f3n de CO2 y NOx.<\/li>\n<li>Accesorio Opcional Cronomando Remote Romeo W \/ W RF:\u00a0ahorros adicionales de hasta un 5% en combustible.<\/li>\n<li>Panel de mandos digital:\u00a0Mayor precisi\u00f3n y confort.<\/li>\n<li>M\u00e1xima calidad de componentes:\u00a0recuperador de calor de AISI 904, m\u00e1xima durabilidad.<\/li>\n<li>Modelo clasificado con 4 estrellas de rendimiento:\u00a0alta eficiencia y bajo consumo.\u00a0Hasta un 15% de Ahorro en Combustible.<\/li>\n<li>Con Intercambiador de placas\u00a0y v\u00e1lvula de 3 v\u00edas con prioridad ACS.<\/li>\n<li>Posibilidad de convertir en modelo C\u00e1mara Estanca\u00a0mediante accesorio Kit C\u00e1mara Estanca ATLAS CONDENS.<\/li>\n<li>Alta eficiencia energ\u00e9tica: Bajo Consumo (15% ahorro)<\/li>\n<li>Caldera ecol\u00f3gico no contaminante: menor emisi\u00f3n de CO2 y NOx<\/li>\n<li>Caldera Gasoil Ferroli Atlas D 32 Condens SI UNIT con panel de mandos digital: mayor precisi\u00f3n y confort<\/li>\n<li>Gran producci\u00f3n de A.C.S.: 118,9 l\/min.<\/li>\n<li>Garant\u00eda total de 2 a\u00f1os.<\/li>\n<\/ul>\n<h3>Ficha T\u00e9cnica de la Caldera Ferroli Atlas D32 Condens SI UNIT<\/h3>\n<table>\n<tbody>\n<tr>\n<td width=\"283\"><strong>Potencia en Calefacci\u00f3n<\/strong><\/td>\n<td width=\"283\">32 kW.<\/td>\n<\/tr>\n<tr>\n<td width=\"283\"><strong>Potencia en ACS<\/strong><\/td>\n<td width=\"283\">27 kW.<\/td>\n<\/tr>\n<tr>\n<td width=\"283\"><strong>Clase energ\u00e9tica<\/strong><\/td>\n<td width=\"283\">A\/XL.<\/td>\n<\/tr>\n<tr>\n<td width=\"283\"><strong>Caudal de agua<\/strong><\/td>\n<td width=\"283\">18,9 L.<\/td>\n<\/tr>\n<tr>\n<td width=\"283\"><strong>Contenido agua caldera <\/strong><\/td>\n<td width=\"283\">21 L.<\/td>\n<\/tr>\n<tr>\n<td width=\"283\"><strong>Superficie a calefactar<\/strong><\/td>\n<td width=\"283\">S\u00ed.<\/td>\n<\/tr>\n<\/tbody>\n<\/table>\n<h3>\u00bfPor qu\u00e9 comprar la Caldera Ferroli Atlas D32 Condens SI UNIT?<\/h3>\n<p>Esta caldera es uno de los pocos equipos que es compatible con el ambiente. Gracias a su alta eficiencia, te brindar\u00e1 un bajo consumo el\u00e9ctrico, sin desmejorar sus funciones principales. Las dimensiones que posee esta caldera te permitir\u00e1n instalarla en cualqueir espacio del hogar sin problemas. Adem\u00e1s de facilitarte el mantenimiento de limpieza.<\/p>\n<p>Solo podr\u00e1s encontrarla a un precio accesible en tu tienda favorita Instaclima.<\/p>\n","protected":false},"excerpt":{"rendered":"<p>OFERTA<strong> Caldera Ferroli Atlas D32 Condens SI UNIT<\/strong>. Potencia en Calefacci\u00f3n 32 kW. Potencia en ACS 27 kW. Clase energ\u00e9tica A\/XL. Caudal de agua 18,9 L. Contenido agua caldera 21 L. Compra al mejor precio el Ferroli a gasoil.<\/p>\n<p>&nbsp;<\/p>\n","protected":false},"featured_media":2064,"comment_status":"closed","ping_status":"closed","template":"","meta":[],"etheme_brands":[],"product_brand":[],"product_cat":[59],"product_tag":[60],"class_list":{"0":"post-2019","1":"product","2":"type-product","3":"status-publish","4":"has-post-thumbnail","6":"product_cat-calderas","7":"product_tag-ferroli","9":"first","10":"instock","11":"taxable","12":"shipping-taxable","13":"purchasable","14":"product-type-simple"},"_links":{"self":[{"href":"https:\/\/www.instaclima.com\/nuevaweb\/wp-json\/wp\/v2\/product\/2019","targetHints":{"allow":["GET"]}}],"collection":[{"href":"https:\/\/www.instaclima.com\/nuevaweb\/wp-json\/wp\/v2\/product"}],"about":[{"href":"https:\/\/www.instaclima.com\/nuevaweb\/wp-json\/wp\/v2\/types\/product"}],"replies":[{"embeddable":true,"href":"https:\/\/www.instaclima.com\/nuevaweb\/wp-json\/wp\/v2\/comments?post=2019"}],"version-history":[{"count":1,"href":"https:\/\/www.instaclima.com\/nuevaweb\/wp-json\/wp\/v2\/product\/2019\/revisions"}],"predecessor-version":[{"id":2065,"href":"https:\/\/www.instaclima.com\/nuevaweb\/wp-json\/wp\/v2\/product\/2019\/revisions\/2065"}],"wp:featuredmedia":[{"embeddable":true,"href":"https:\/\/www.instaclima.com\/nuevaweb\/wp-json\/wp\/v2\/media\/2064"}],"wp:attachment":[{"href":"https:\/\/www.instaclima.com\/nuevaweb\/wp-json\/wp\/v2\/media?parent=2019"}],"wp:term":[{"taxonomy":"brand","embeddable":true,"href":"https:\/\/www.instaclima.com\/nuevaweb\/wp-json\/wp\/v2\/etheme_brands?post=2019"},{"taxonomy":"product_brand","embeddable":true,"href":"https:\/\/www.instaclima.com\/nuevaweb\/wp-json\/wp\/v2\/product_brand?post=2019"},{"taxonomy":"product_cat","embeddable":true,"href":"https:\/\/www.instaclima.com\/nuevaweb\/wp-json\/wp\/v2\/product_cat?post=2019"},{"taxonomy":"product_tag","embeddable":true,"href":"https:\/\/www.instaclima.com\/nuevaweb\/wp-json\/wp\/v2\/product_tag?post=2019"}],"curies":[{"name":"wp","href":"https:\/\/api.w.org\/{rel}","templated":true}]}}