{"id":2383,"date":"2024-10-29T20:54:57","date_gmt":"2024-10-29T19:54:57","guid":{"rendered":"https:\/\/www.instaclima.com\/nuevaweb\/?post_type=product&#038;p=2383"},"modified":"2024-10-29T20:55:05","modified_gmt":"2024-10-29T19:55:05","slug":"caldera-vaillant-ecotec-plus-vmw-es-346-5-5","status":"publish","type":"product","link":"https:\/\/www.instaclima.com\/nuevaweb\/producto\/caldera-vaillant-ecotec-plus-vmw-es-346-5-5\/","title":{"rendered":"Caldera Vaillant Ecotec Plus VMW ES 346\/5-5"},"content":{"rendered":"<p>Instaclima trae para ti la nueva Caldera Vaillant Ecotec Plus VMW ES 346\/5-5, de uso mixto con micro acumulaci\u00f3n inteligente. Posee una potencia de calefacci\u00f3n 30 kW; y una potencia ACS de 34 Kw. Dispone de un caudal de agua de 19,5 l\/min. Su eficiencia energ\u00e9tica es de A; y su clase es NOx 6.<\/p>\n<p>Incluye un Kit de evacuaci\u00f3n de chimenea conc\u00e9ntrica m\u00e1s una plantilla. Dispone de 24 meses de garant\u00eda por Vaillant Group.<\/p>\n<h2>Caracter\u00edsticas de la Caldera<\/h2>\n<p><iframe loading=\"lazy\" src=\"https:\/\/www.youtube.com\/embed\/HVNT5s9X-t4\" width=\"560\" height=\"315\" frameborder=\"0\" allowfullscreen=\"allowfullscreen\"><\/iframe><\/p>\n<p><strong>Sistema electr\u00f3nico de combusti\u00f3n<\/strong><\/p>\n<p>Este sistema electr\u00f3nico de combusti\u00f3n aire-gas, evita esos encendidos y apagados poco necesarios. De manera que logre un ahorro de gas mayor que el de otros equipos. Adem\u00e1s de evitar alg\u00fan tipo de desconfiguraci\u00f3n que pueden causar los encendidos y apagados simult\u00e1neos.<\/p>\n<p><strong>Comfort Safe<\/strong><\/p>\n<p>Este tipo de funcionamiento es capaz de comprobar la presencia de llamas Flide. De manera que, puedas disponer del servicio sin importar la presencia de anomal\u00edas por la combusti\u00f3n que genere el equipo. Esto es con el fin de evitar aver\u00edas graves en la caldera y poder disfrutar de su uso por mucho tiempo.<\/p>\n<p><strong>Micro acumulaci\u00f3n Inteligente<\/strong><\/p>\n<p>Esta funci\u00f3n le permite al equipo una preparaci\u00f3n previa, de manera que pueda seguir trabajando con una conexi\u00f3n directa que se apoye a una instalaci\u00f3n solar. Considerada como una acci\u00f3n relativamente ecol\u00f3gica, que garantiza la preservaci\u00f3n del medio ambiente y un ahorro energ\u00e9tico de primera. Esta funci\u00f3n ya est\u00e1 pre instalada, no necesita ser configurada.<\/p>\n<p><strong>Bomba de alta eficiencia<\/strong><\/p>\n<p>Este equipo de calefacci\u00f3n Vaillant, cuenta con una bomba de alta eficiencia energ\u00e9tica, que te ofrece un ahorro energ\u00e9tico m\u00e1s potente que en su estado Stand-by. Esta gama fue una de las primeras en disponer de esta funci\u00f3n para evitar niveles de consumos el\u00e9ctrico excesivos durante su uso. Esta funci\u00f3n ya viene adaptada y no necesita ser configurado de forma manual.<\/p>\n<p><strong>Kit de evacuaci\u00f3n horizontal<\/strong><\/p>\n<p>Con la compra de este equipo, tendr\u00e1s un kit de evacuaci\u00f3n horizontal PP 60\/100, junto con una plantilla para que no tengas dificultades durante la instalaci\u00f3n del equipo o problemas con fugas innecesarias a largo plazo. Podr\u00e1s adaptar estas piezas seg\u00fan sea el espacio, para no tener inconvenientes o fallas en la instalaci\u00f3n del equipo.<\/p>\n<h3>Ficha T\u00e9cnica de la Caldera Vaillant Ecotec Plus VMW ES 346\/5-5<\/h3>\n<table>\n<tbody>\n<tr>\n<td width=\"354\"><strong>Potencia en Calefacci\u00f3n<\/strong><\/td>\n<td width=\"354\">30 kW.<\/td>\n<\/tr>\n<tr>\n<td width=\"354\"><strong>Caudal de Agua<\/strong><\/td>\n<td width=\"354\">19,5 l\/min.<\/td>\n<\/tr>\n<tr>\n<td width=\"354\"><strong>Eficiencia Energ\u00e9tica<\/strong><\/td>\n<td width=\"354\">A.<\/td>\n<\/tr>\n<tr>\n<td width=\"354\"><strong>Clase NOx<\/strong><\/td>\n<td width=\"354\">6<\/td>\n<\/tr>\n<tr>\n<td width=\"354\"><strong>Ventilador modulante<\/strong><\/td>\n<td width=\"354\">S\u00ed.<\/td>\n<\/tr>\n<tr>\n<td width=\"354\"><strong>Superficie a calefactar<\/strong><\/td>\n<td width=\"354\">200-250 mts.<\/td>\n<\/tr>\n<tr>\n<td width=\"354\"><strong>Potencia en ACS<\/strong><\/td>\n<td width=\"354\">34 kW.<\/td>\n<\/tr>\n<\/tbody>\n<\/table>\n<p>&nbsp;<\/p>\n<h3>\u00bfPor qu\u00e9 comprar la Caldera Vaillant Ecotec Plus VMW ES 346\/5-5?<\/h3>\n<p>Este modelo de caldera, viene con una bomba de alta eficiencia. Incluye un kit de evacuaci\u00f3n m\u00e1s la platilla. Adem\u00e1s de poseer un sistema de combusti\u00f3n que permite regular los niveles de consumo durante el funcionamiento del equipo. Sin dejar de lado sus modos de funcionamiento de \u00faltima generaci\u00f3n.<\/p>\n<p>&nbsp;<\/p>\n","protected":false},"excerpt":{"rendered":"<p>OFERTA en <strong>Caldera Vaillant Ecotec Plus VMW ES 346\/5-5<\/strong>. Potencia en Calefacci\u00f3n 30 kW. Caudal de Agua 19,5 l\/min. Eficiencia Energ\u00e9tica A.\u00a0 Compra inteligente en instaclima .<\/p>\n","protected":false},"featured_media":2434,"comment_status":"open","ping_status":"closed","template":"","meta":[],"etheme_brands":[],"product_brand":[],"product_cat":[59],"product_tag":[62],"class_list":{"0":"post-2383","1":"product","2":"type-product","3":"status-publish","4":"has-post-thumbnail","6":"product_cat-calderas","7":"product_tag-vaillant","9":"first","10":"instock","11":"taxable","12":"shipping-taxable","13":"purchasable","14":"product-type-simple"},"_links":{"self":[{"href":"https:\/\/www.instaclima.com\/nuevaweb\/wp-json\/wp\/v2\/product\/2383","targetHints":{"allow":["GET"]}}],"collection":[{"href":"https:\/\/www.instaclima.com\/nuevaweb\/wp-json\/wp\/v2\/product"}],"about":[{"href":"https:\/\/www.instaclima.com\/nuevaweb\/wp-json\/wp\/v2\/types\/product"}],"replies":[{"embeddable":true,"href":"https:\/\/www.instaclima.com\/nuevaweb\/wp-json\/wp\/v2\/comments?post=2383"}],"version-history":[{"count":1,"href":"https:\/\/www.instaclima.com\/nuevaweb\/wp-json\/wp\/v2\/product\/2383\/revisions"}],"predecessor-version":[{"id":2435,"href":"https:\/\/www.instaclima.com\/nuevaweb\/wp-json\/wp\/v2\/product\/2383\/revisions\/2435"}],"wp:featuredmedia":[{"embeddable":true,"href":"https:\/\/www.instaclima.com\/nuevaweb\/wp-json\/wp\/v2\/media\/2434"}],"wp:attachment":[{"href":"https:\/\/www.instaclima.com\/nuevaweb\/wp-json\/wp\/v2\/media?parent=2383"}],"wp:term":[{"taxonomy":"brand","embeddable":true,"href":"https:\/\/www.instaclima.com\/nuevaweb\/wp-json\/wp\/v2\/etheme_brands?post=2383"},{"taxonomy":"product_brand","embeddable":true,"href":"https:\/\/www.instaclima.com\/nuevaweb\/wp-json\/wp\/v2\/product_brand?post=2383"},{"taxonomy":"product_cat","embeddable":true,"href":"https:\/\/www.instaclima.com\/nuevaweb\/wp-json\/wp\/v2\/product_cat?post=2383"},{"taxonomy":"product_tag","embeddable":true,"href":"https:\/\/www.instaclima.com\/nuevaweb\/wp-json\/wp\/v2\/product_tag?post=2383"}],"curies":[{"name":"wp","href":"https:\/\/api.w.org\/{rel}","templated":true}]}}