{"id":2387,"date":"2024-10-29T20:54:58","date_gmt":"2024-10-29T19:54:58","guid":{"rendered":"https:\/\/www.instaclima.com\/nuevaweb\/?post_type=product&#038;p=2387"},"modified":"2024-10-29T20:55:06","modified_gmt":"2024-10-29T19:55:06","slug":"caldera-vaillant-ecotec-plus-vm-386-5-5","status":"publish","type":"product","link":"https:\/\/www.instaclima.com\/nuevaweb\/producto\/caldera-vaillant-ecotec-plus-vm-386-5-5\/","title":{"rendered":"Caldera Vaillant Ecotec Plus VM 386\/5-5"},"content":{"rendered":"<p>Nueva Caldera Vaillant Ecotec Plus VM 386\/5-5, solo para calefacci\u00f3n del hogar. Dispone de una potencia en calefacci\u00f3n de 35 kW. Tiene una capacidad energ\u00e9tica A. combinada adem\u00e1s con controles Vaillant A  para funciones exclusivas. Incluye un display con texto y posee un consumo m\u00ednimo en Stand-By.<\/p>\n<p>Tiene la capacidad de poseer un uso con acumulador. Viene \u00fanicamente de color gris e incluye dos a\u00f1os de garant\u00eda por parte del fabricante. Disponible en precio de Oferta, solo en Instaclima.<\/p>\n<h2>Caracter\u00edsticas de la Caldera<\/h2>\n<p><iframe loading=\"lazy\" src=\"https:\/\/www.youtube.com\/embed\/rG3gw4Xwtls\" width=\"560\" height=\"315\" frameborder=\"0\" allowfullscreen=\"allowfullscreen\"><\/iframe><br \/>\n<strong>Sistemas con acumulador<\/strong><\/p>\n<p>Esta caldera cuenta con sistemas AIS, que te permitir\u00e1 disponer un proceso de acumulaci\u00f3n inteligente que ya viene integrado a la caldera. Tambi\u00e9n cuenta con un sistema AKS, que permite sacarle provecho a la condensaci\u00f3n durante la producci\u00f3n de agua sanitaria para climatizar m\u00e1s r\u00e1pido el ambiente de la habitaci\u00f3n.<\/p>\n<p><strong>Bomba de alta eficiencia<\/strong><\/p>\n<p>Este equipo cuenta con una bomba de alta eficiencia energ\u00e9tica, que te ofrece un ahorro energ\u00e9tico m\u00e1s potente que en su estado Stand-by. Esta gama fue una de las primeras en disponer de esta funci\u00f3n para evitar niveles de consumos el\u00e9ctrico excesivos durante su uso. Este modo ya viene adaptado y no necesita ser configurado de forma manual.<\/p>\n<p><strong>Sistema electr\u00f3nico para combusti\u00f3n<\/strong><\/p>\n<p>Este viene siendo un sistema de combusti\u00f3n aire-gas, que evita encendidos y apagados por desconfiguraci\u00f3n del equipo. De manera que obtengas un ahorro en cuanto al consumo de gas. Incluye adem\u00e1s un sistema diagnostico con display con texto, para ir viendo las lecturas de datos durante su funcionamiento.<\/p>\n<p><strong>Sistema de comprobaci\u00f3n FliDe<\/strong><\/p>\n<p>Este modo de funcionamiento viene siendo un sistema de emergencia, capaz de comprobar la presencia de llamas Flide. De manera que, puedas disponer del servicio sin importar la presencia de anomal\u00edas por la combusti\u00f3n que genere el equipo. Esto es con el fin de evitar aver\u00edas graves en la caldera y poder disfrutar de su uso por mucho tiempo.<\/p>\n<p><strong>Kit de evacuaci\u00f3n horizontal<\/strong><\/p>\n<p>Con la compra de este equipo, tendr\u00e1s un kit de evacuaci\u00f3n horizontal PP 60\/100, junto con una plantilla para que no tengas dificultades durante la instalaci\u00f3n del equipo o problemas con fugas innecesarias a largo plazo. Podr\u00e1s adaptar estas piezas seg\u00fan sea el espacio, para no tener inconvenientes o fallas en la instalaci\u00f3n del equipo.<\/p>\n<p><strong>Homologada para gas propano (G31)<\/strong><\/p>\n<p>Esta caldera de tipo homologada, puede trabajar perfectamente con gas propano. De manera que se conserve m\u00e1s el estado f\u00edsico de la caldera. Tendr\u00e1 adem\u00e1s una trasformaci\u00f3n realizada por el Servicio Oficial T\u00e9cnico de Vaillant, para ir evaluando el proceso de funcionamiento de la caldera y arreglar alguna anomal\u00eda que pueda presentarse.<\/p>\n<h3>Ficha T\u00e9cnica de la Caldera Vaillant Ecotec Plus VM 386\/5-5<\/h3>\n<table>\n<tbody>\n<tr>\n<td width=\"354\"><strong>Potencia en Calefacci\u00f3n<\/strong><\/td>\n<td width=\"354\">35 kW.<\/td>\n<\/tr>\n<tr>\n<td width=\"354\"><strong>Display<\/strong><\/td>\n<td width=\"354\">Con Texto.<\/td>\n<\/tr>\n<tr>\n<td width=\"354\"><strong>Eficiencia Energ\u00e9tica<\/strong><\/td>\n<td width=\"354\">A .<\/td>\n<\/tr>\n<tr>\n<td width=\"354\"><strong>Clase NOx<\/strong><\/td>\n<td width=\"354\">5.<\/td>\n<\/tr>\n<tr>\n<td width=\"354\"><strong>Bomba<\/strong><\/td>\n<td width=\"354\">Alta eficiencia.<\/td>\n<\/tr>\n<tr>\n<td width=\"354\"><strong>Ventilador<\/strong><\/td>\n<td width=\"354\">Modulante.<\/td>\n<\/tr>\n<tr>\n<td width=\"354\"><strong>Superficie a Calefactar<\/strong><\/td>\n<td width=\"354\">S\u00ed.<\/td>\n<\/tr>\n<\/tbody>\n<\/table>\n<h3>\u00bfPor qu\u00e9 comprar la Caldera Vaillant Ecotec Plus VM 386\/5-5?<\/h3>\n<p>Esta caldera cuenta con la inclusi\u00f3n de kit de acumulaci\u00f3n para lograr una instalaci\u00f3n r\u00e1pida y segura. Tiene modos de funcionamiento ya establecidos que se adaptaran a las necesidades de tu hogar. Incluye una bomba de alta eficiencia que te garantiza un ahorro energ\u00e9tico total y efectivo.<\/p>\n<p>Encontraras este y otros productos de oferta en nuestra tienda Instaclima. Somos tu mejor opci\u00f3n en climatizaci\u00f3n para el hogar. Trabajamos con excelentes profesionales las 24\/7.<\/p>\n","protected":false},"excerpt":{"rendered":"<p>OFERTA <strong>Caldera Vaillant Ecotec Plus VM 386\/5-5<\/strong>. Potencia en Calefacci\u00f3n 35 kW. Display Con Texto. Eficiencia Energ\u00e9tica A . Compra la mejor precio el Vaillant a gas.<\/p>\n","protected":false},"featured_media":2442,"comment_status":"open","ping_status":"closed","template":"","meta":[],"etheme_brands":[],"product_brand":[],"product_cat":[59],"product_tag":[62],"class_list":{"0":"post-2387","1":"product","2":"type-product","3":"status-publish","4":"has-post-thumbnail","6":"product_cat-calderas","7":"product_tag-vaillant","9":"first","10":"instock","11":"taxable","12":"shipping-taxable","13":"purchasable","14":"product-type-simple"},"_links":{"self":[{"href":"https:\/\/www.instaclima.com\/nuevaweb\/wp-json\/wp\/v2\/product\/2387","targetHints":{"allow":["GET"]}}],"collection":[{"href":"https:\/\/www.instaclima.com\/nuevaweb\/wp-json\/wp\/v2\/product"}],"about":[{"href":"https:\/\/www.instaclima.com\/nuevaweb\/wp-json\/wp\/v2\/types\/product"}],"replies":[{"embeddable":true,"href":"https:\/\/www.instaclima.com\/nuevaweb\/wp-json\/wp\/v2\/comments?post=2387"}],"version-history":[{"count":1,"href":"https:\/\/www.instaclima.com\/nuevaweb\/wp-json\/wp\/v2\/product\/2387\/revisions"}],"predecessor-version":[{"id":2443,"href":"https:\/\/www.instaclima.com\/nuevaweb\/wp-json\/wp\/v2\/product\/2387\/revisions\/2443"}],"wp:featuredmedia":[{"embeddable":true,"href":"https:\/\/www.instaclima.com\/nuevaweb\/wp-json\/wp\/v2\/media\/2442"}],"wp:attachment":[{"href":"https:\/\/www.instaclima.com\/nuevaweb\/wp-json\/wp\/v2\/media?parent=2387"}],"wp:term":[{"taxonomy":"brand","embeddable":true,"href":"https:\/\/www.instaclima.com\/nuevaweb\/wp-json\/wp\/v2\/etheme_brands?post=2387"},{"taxonomy":"product_brand","embeddable":true,"href":"https:\/\/www.instaclima.com\/nuevaweb\/wp-json\/wp\/v2\/product_brand?post=2387"},{"taxonomy":"product_cat","embeddable":true,"href":"https:\/\/www.instaclima.com\/nuevaweb\/wp-json\/wp\/v2\/product_cat?post=2387"},{"taxonomy":"product_tag","embeddable":true,"href":"https:\/\/www.instaclima.com\/nuevaweb\/wp-json\/wp\/v2\/product_tag?post=2387"}],"curies":[{"name":"wp","href":"https:\/\/api.w.org\/{rel}","templated":true}]}}