{"id":2472,"date":"2024-10-29T20:55:09","date_gmt":"2024-10-29T19:55:09","guid":{"rendered":"https:\/\/www.instaclima.com\/nuevaweb\/?post_type=product&#038;p=2472"},"modified":"2024-10-29T20:55:19","modified_gmt":"2024-10-29T19:55:19","slug":"caldera-viessmann-vitodens-050-w-24-kw","status":"publish","type":"product","link":"https:\/\/www.instaclima.com\/nuevaweb\/producto\/caldera-viessmann-vitodens-050-w-24-kw\/","title":{"rendered":"Caldera Viessmann VITODENS 050-W 24 KW"},"content":{"rendered":"<p>Instaclima tiene la nueva Caldera Viessmann VITODENS 050-W 24 KW, de gas condensado. Posee una potencia en calefacci\u00f3n de 24 Kw; y una potencia de ACS de 33 kw. Tiene una capacidad energ\u00e9tica A. Incluye una bomba de alta eficiencia con un rendimiento estacional hasta 108%.<\/p>\n<p>Dispone de dos a\u00f1os de garant\u00eda por parte del fabricante. Puedes encontrarla a un precio de oferta solo en Instaclima.<\/p>\n<h2>Caracter\u00edsticas de la Caldera<\/h2>\n<p><iframe loading=\"lazy\" src=\"https:\/\/www.youtube.com\/embed\/ovOBXPcjcxc\" width=\"560\" height=\"315\" frameborder=\"0\" allowfullscreen=\"allowfullscreen\"><\/iframe><br \/>\n<strong>F\u00e1cil de instalar y mantener<\/strong><\/p>\n<p>Esta caldera posee un tama\u00f1o est\u00e1ndar, la cual te permitir\u00e1 realizar una f\u00e1cil instalaci\u00f3n y un mantenimiento r\u00e1pido gracias al sistema modular y acceso frontal que posee. De manera que no tengas complicaciones para llevar a cabo estas tareas.<\/p>\n<p><strong>Quemador cil\u00edndrico modulante MatriX <\/strong><\/p>\n<p>Gracias a este quemador cil\u00edndrico modulante de MatriX, podr\u00e1s tener una caldera de clase 6, con eficacia probada en superficie de transmisi\u00f3n Inox-Radial de acero inoxidable. De manera que te genere un ahorro energ\u00e9tico y de recursos muy bueno con una emisi\u00f3n de NOx menor al de las calderas comunes.<\/p>\n<p><strong>Elevado confort de ACS<\/strong><\/p>\n<p>Esta caldera posee una alta producci\u00f3n de agua caliente sanitaria que dispone de una t\u00e9rmica de salida uniforme, debido a la regulaci\u00f3n electr\u00f3nica que yace en la temperatura del equipo.<\/p>\n<p><strong>De larga duraci\u00f3n<\/strong><\/p>\n<p>Esta caldera esta elaborada en su totalidad en acero inoxidable, que te proporcionara una eficiencia energ\u00e9tica de primera, y a\u00f1os de seguridad. Adem\u00e1s de poseer superficies de intercambio t\u00e9rmico Inox-nivel de condensaci\u00f3n elevados que pueden ser hasta autolimpiables.<\/p>\n<h3>Ficha T\u00e9cnica de la Caldera Viessmann VITODENS 050-W 24 KW<\/h3>\n<table>\n<tbody>\n<tr>\n<td width=\"354\"><strong>Potencia en Calefacci\u00f3n<\/strong><\/td>\n<td width=\"354\">24 kW.<\/td>\n<\/tr>\n<tr>\n<td width=\"354\"><strong>Rendimiento Estacional<\/strong><\/td>\n<td width=\"354\">Hasta 108%.<\/td>\n<\/tr>\n<tr>\n<td width=\"354\"><strong>Eficiencia Energ\u00e9tica<\/strong><\/td>\n<td width=\"354\">A<\/td>\n<\/tr>\n<tr>\n<td width=\"354\"><strong>Potencia de ACS<\/strong><\/td>\n<td width=\"354\">33 kW<\/td>\n<\/tr>\n<tr>\n<td width=\"354\"><strong>Clase NOx<\/strong><\/td>\n<td width=\"354\">6.<\/td>\n<\/tr>\n<tr>\n<td width=\"354\"><strong>Bomba<\/strong><\/td>\n<td width=\"354\">Alta Eficiencia.<\/td>\n<\/tr>\n<tr>\n<td width=\"354\"><strong>Ventilador<\/strong><\/td>\n<td width=\"354\">Modulante.<\/td>\n<\/tr>\n<tr>\n<td width=\"354\"><strong>Superficie a Calefactar<\/strong><\/td>\n<td width=\"354\">S\u00ed.<\/td>\n<\/tr>\n<\/tbody>\n<\/table>\n<p>&nbsp;<\/p>\n<h3>\u00bfPor qu\u00e9 comprar la Caldera Viessmann VITODENS 050-W 24 KW?<\/h3>\n<p>Una caldera dise\u00f1ada bajo materiales resistente que te garantizan a\u00f1os de uso seguro sin desmejorar sus cualidades. Posee modos de funcionamiento que te permitan obtener un ahorro energ\u00e9tico efectivo y evitar el derroche de recursos naturales. Puedes obtenerla a un precio de oferta en nuestra tienda Instaclima.<\/p>\n","protected":false},"excerpt":{"rendered":"<p>OFERTA <strong>Caldera Viessmann VITODENS 050-W 24 KW<\/strong>. Potencia en Calefacci\u00f3n 24 kW. Rendimiento Estacional Hasta 108%. Eficiencia Energ\u00e9tica A. Potencia de ACS 33 kW. Compra al mejor precio el Viessmann a gas.<\/p>\n","protected":false},"featured_media":2521,"comment_status":"open","ping_status":"closed","template":"","meta":[],"etheme_brands":[],"product_brand":[],"product_cat":[59],"product_tag":[69],"class_list":{"0":"post-2472","1":"product","2":"type-product","3":"status-publish","4":"has-post-thumbnail","6":"product_cat-calderas","7":"product_tag-viessmann","9":"first","10":"instock","11":"taxable","12":"shipping-taxable","13":"purchasable","14":"product-type-simple"},"_links":{"self":[{"href":"https:\/\/www.instaclima.com\/nuevaweb\/wp-json\/wp\/v2\/product\/2472","targetHints":{"allow":["GET"]}}],"collection":[{"href":"https:\/\/www.instaclima.com\/nuevaweb\/wp-json\/wp\/v2\/product"}],"about":[{"href":"https:\/\/www.instaclima.com\/nuevaweb\/wp-json\/wp\/v2\/types\/product"}],"replies":[{"embeddable":true,"href":"https:\/\/www.instaclima.com\/nuevaweb\/wp-json\/wp\/v2\/comments?post=2472"}],"version-history":[{"count":1,"href":"https:\/\/www.instaclima.com\/nuevaweb\/wp-json\/wp\/v2\/product\/2472\/revisions"}],"predecessor-version":[{"id":2522,"href":"https:\/\/www.instaclima.com\/nuevaweb\/wp-json\/wp\/v2\/product\/2472\/revisions\/2522"}],"wp:featuredmedia":[{"embeddable":true,"href":"https:\/\/www.instaclima.com\/nuevaweb\/wp-json\/wp\/v2\/media\/2521"}],"wp:attachment":[{"href":"https:\/\/www.instaclima.com\/nuevaweb\/wp-json\/wp\/v2\/media?parent=2472"}],"wp:term":[{"taxonomy":"brand","embeddable":true,"href":"https:\/\/www.instaclima.com\/nuevaweb\/wp-json\/wp\/v2\/etheme_brands?post=2472"},{"taxonomy":"product_brand","embeddable":true,"href":"https:\/\/www.instaclima.com\/nuevaweb\/wp-json\/wp\/v2\/product_brand?post=2472"},{"taxonomy":"product_cat","embeddable":true,"href":"https:\/\/www.instaclima.com\/nuevaweb\/wp-json\/wp\/v2\/product_cat?post=2472"},{"taxonomy":"product_tag","embeddable":true,"href":"https:\/\/www.instaclima.com\/nuevaweb\/wp-json\/wp\/v2\/product_tag?post=2472"}],"curies":[{"name":"wp","href":"https:\/\/api.w.org\/{rel}","templated":true}]}}