{"id":2633,"date":"2024-10-29T20:55:47","date_gmt":"2024-10-29T19:55:47","guid":{"rendered":"https:\/\/www.instaclima.com\/nuevaweb\/?post_type=product&#038;p=2633"},"modified":"2024-10-29T20:56:09","modified_gmt":"2024-10-29T19:56:09","slug":"aire-acondicionado-mitsubishi-msz-ln25vg-kirigamine-style","status":"publish","type":"product","link":"https:\/\/www.instaclima.com\/nuevaweb\/producto\/aire-acondicionado-mitsubishi-msz-ln25vg-kirigamine-style\/","title":{"rendered":"Aire Acondicionado Mitsubishi MSZ-LN25VG Kirigamine Style"},"content":{"rendered":"<p>Nuevo Aire Acondicionado Mitsubishi MSZ-LN25VG Kirigamine Style. Posee una potencia de calefacci\u00f3n de 1.720 Kcal\/h; y una potencia frigor\u00edfica de 2.150 Kcal\/h. Tiene una eficiencia energ\u00e9tica A   . Viene con el nuevo gas refrigerante R-32 m\u00e1s ecol\u00f3gico y eficiente. Adem\u00e1s de tener una tensi\u00f3n de alimentaci\u00f3n monof\u00e1sica 220 V.<\/p>\n<p>Puedes tener dos a\u00f1os de garant\u00eda por parte del fabricante con la compra de este equipo. Incluso, tener un precio de oferta solo en Instaclima.<\/p>\n<h2>Caracter\u00edsticas Aire Acondicionado<\/h2>\n<p><iframe loading=\"lazy\" src=\"https:\/\/www.youtube.com\/embed\/9Zl2wKlGLPg\" width=\"560\" height=\"315\" frameborder=\"0\" allowfullscreen=\"allowfullscreen\"><\/iframe><br \/>\n<strong>Ahorro energ\u00e9tico<\/strong><\/p>\n<p>Con este equipo, podr\u00e1s tener un ahorro energ\u00e9tico de calidad, gracias a su buena eficiencia energ\u00e9tica A   , tanto en su modo de calor como en su modo frio. Todo gracias a su tecnolog\u00eda de alta gama que posee su compresor.<\/p>\n<p><strong>Control de Wifi<\/strong><\/p>\n<p>Podr\u00e1s utilizar este equipo desde tu tel\u00e9fono m\u00f3vil, Tablet u Ordenador, gracias a su tecnolog\u00eda MelCloud. Solo deber\u00e1s descargar la aplicaci\u00f3n gratuita desde cualquier tienda virtual y sincronizar el aire acondicionado con tu dispositivo para acceder a este beneficio.<\/p>\n<p><strong>Filtro de Aire Plasma Quad Plus<\/strong><\/p>\n<p>Este equipo cuenta con un filtro especializado que permite eliminar el 97% de virus y bacterias que causan alergias y enfermedades respiratorias. Est\u00e1 catalogado como uno de los m\u00e1s eficientes de su gama por la SEAIC. Te ofrecer\u00e1 un aire limpio y puro para que tengas un confort total.<\/p>\n<p><strong>Bajo nivel de sonoridad<\/strong><\/p>\n<p>Seg\u00fan el modelo que elijas, podr\u00e1s tener un nivel de sonoridad de 19 dbA. Lo que te garantiza un funcionamiento sin ruidos molestos que interrumpa tus noches de sue\u00f1o. No notar\u00e1s ni siquiera que est\u00e1 en funcionamiento.<\/p>\n<h3>Ficha T\u00e9cnica del Aire Acondicionado Mitsubishi MSZ-LN25VG Kirigamine Style<\/h3>\n<table>\n<tbody>\n<tr>\n<td width=\"354\"><strong>Potencia Frigor\u00edfica<\/strong><\/td>\n<td width=\"354\">2.150 Kcal\/h.<\/td>\n<\/tr>\n<tr>\n<td width=\"354\"><strong>Potencia de Calefacci\u00f3n<\/strong><\/td>\n<td width=\"354\">1.720 Kcal\/h.<\/td>\n<\/tr>\n<tr>\n<td width=\"354\"><strong>Eficiencia Energ\u00e9tica<\/strong><\/td>\n<td width=\"354\">A   .<\/td>\n<\/tr>\n<tr>\n<td width=\"354\"><strong>Gas Refrigerante<\/strong><\/td>\n<td width=\"354\">R-32.<\/td>\n<\/tr>\n<tr>\n<td width=\"354\"><strong>Tensi\u00f3n de Alimentaci\u00f3n<\/strong><\/td>\n<td width=\"354\">220 V.<\/td>\n<\/tr>\n<tr>\n<td width=\"354\"><strong>Superficie a climatizar<\/strong><\/td>\n<td width=\"354\">S\u00ed.<\/td>\n<\/tr>\n<\/tbody>\n<\/table>\n<h3><\/h3>\n<h3>\u00bfPor qu\u00e9 comprar el Aire Acondicionado Mitsubishi MSZ-LN25VG Kirigamine Style?<\/h3>\n<p>El Mitsubishi MSZ-LN25VG Kirigamine Style, te garantiza un ambiente libre de bacterias o virus que causen enfermedades respiratorias. Tiene modos de funcionamiento adaptables autom\u00e1ticamente y se encuentra disponible en diferentes colores. Todo a un precio de oferta en Instaclima.<\/p>\n","protected":false},"excerpt":{"rendered":"<p>OFERTA <strong>Aire Acondicionado Mitsubishi MSZ-LN25VG Kirigamine Style<\/strong>. Potencia Frigor\u00edfica 2.150 Kcal\/h. Potencia de Calefacci\u00f3n 1.720 Kcal\/h. Eficiencia Energ\u00e9tica A   . Gas Refrigerante R-32. Tensi\u00f3n de Alimentaci\u00f3n 220 V. Compra al mejor precio el Mitsubishi Split.<\/p>\n","protected":false},"featured_media":2699,"comment_status":"open","ping_status":"closed","template":"","meta":[],"etheme_brands":[],"product_brand":[],"product_cat":[71],"product_tag":[75],"class_list":{"0":"post-2633","1":"product","2":"type-product","3":"status-publish","4":"has-post-thumbnail","6":"product_cat-aires-acondicionados","7":"product_tag-mitsubishi","9":"first","10":"instock","11":"taxable","12":"shipping-taxable","13":"purchasable","14":"product-type-simple"},"_links":{"self":[{"href":"https:\/\/www.instaclima.com\/nuevaweb\/wp-json\/wp\/v2\/product\/2633","targetHints":{"allow":["GET"]}}],"collection":[{"href":"https:\/\/www.instaclima.com\/nuevaweb\/wp-json\/wp\/v2\/product"}],"about":[{"href":"https:\/\/www.instaclima.com\/nuevaweb\/wp-json\/wp\/v2\/types\/product"}],"replies":[{"embeddable":true,"href":"https:\/\/www.instaclima.com\/nuevaweb\/wp-json\/wp\/v2\/comments?post=2633"}],"version-history":[{"count":1,"href":"https:\/\/www.instaclima.com\/nuevaweb\/wp-json\/wp\/v2\/product\/2633\/revisions"}],"predecessor-version":[{"id":2700,"href":"https:\/\/www.instaclima.com\/nuevaweb\/wp-json\/wp\/v2\/product\/2633\/revisions\/2700"}],"wp:featuredmedia":[{"embeddable":true,"href":"https:\/\/www.instaclima.com\/nuevaweb\/wp-json\/wp\/v2\/media\/2699"}],"wp:attachment":[{"href":"https:\/\/www.instaclima.com\/nuevaweb\/wp-json\/wp\/v2\/media?parent=2633"}],"wp:term":[{"taxonomy":"brand","embeddable":true,"href":"https:\/\/www.instaclima.com\/nuevaweb\/wp-json\/wp\/v2\/etheme_brands?post=2633"},{"taxonomy":"product_brand","embeddable":true,"href":"https:\/\/www.instaclima.com\/nuevaweb\/wp-json\/wp\/v2\/product_brand?post=2633"},{"taxonomy":"product_cat","embeddable":true,"href":"https:\/\/www.instaclima.com\/nuevaweb\/wp-json\/wp\/v2\/product_cat?post=2633"},{"taxonomy":"product_tag","embeddable":true,"href":"https:\/\/www.instaclima.com\/nuevaweb\/wp-json\/wp\/v2\/product_tag?post=2633"}],"curies":[{"name":"wp","href":"https:\/\/api.w.org\/{rel}","templated":true}]}}